{"id":57,"date":"2019-03-17T15:40:42","date_gmt":"2019-03-17T15:40:42","guid":{"rendered":"https:\/\/goya.everthemes.com\/demo-fashion\/?page_id=57"},"modified":"2026-01-15T21:40:36","modified_gmt":"2026-01-15T21:40:36","slug":"s-s-s","status":"publish","type":"page","link":"https:\/\/zeniratelier.com\/?page_id=57","title":{"rendered":"S.S.S."},"content":{"rendered":"<div class=\"wpb-content-wrapper\">[vc_row et_full_width=&#8221;true&#8221; et_row_padding=&#8221;true&#8221; parallax=&#8221;content-moving&#8221; css=&#8221;.vc_custom_1768509932833{margin-bottom: 100px !important;padding-top: 170px !important;padding-bottom: 170px !important;background-position: center;background-repeat: no-repeat !important;background-size: cover !important;border-radius: 10px !important;}&#8221;][vc_column et_column_color=&#8221;et-light-column&#8221;][\/vc_column][\/vc_row][vc_row css=&#8221;.vc_custom_1768509485999{padding-bottom: 80px !important;border-radius: 2px !important;}&#8221;][vc_column offset=&#8221;vc_col-lg-offset-1 vc_col-lg-3&#8243;][vc_column_text css=&#8221;&#8221;]\n<h3>S\u0131k\u00e7a Sorulan Sorular<\/h3>\n[\/vc_column_text][vc_empty_space][\/vc_column][vc_column offset=&#8221;vc_col-lg-6&#8243;][vc_tta_accordion active_section=&#8221;1&#8243; style=&#8221;style2&#8243;][vc_tta_section title=&#8221;Zenir Atelier\u2019in fiziksel bir ma\u011fazas\u0131 var m\u0131?&#8221; tab_id=&#8221;1522322738673-aea3abb5-b800fe1b-0bf9&#8243;][vc_column_text css=&#8221;&#8221;]Hay\u0131r. Zenir, koleksiyonlar\u0131n\u0131 do\u011frudan at\u00f6lyesinden sunar. Fiziksel ma\u011faza yerine s\u0131n\u0131rl\u0131 \u00fcretim ve birebir ileti\u015fimi tercih ediyoruz.[\/vc_column_text][\/vc_tta_section][vc_tta_section title=&#8221;\u00dcr\u00fcnler s\u0131n\u0131rl\u0131 say\u0131da m\u0131 \u00fcretiliyor?&#8221; tab_id=&#8221;1522322738697-88e8c59b-62ccfe1b-0bf9&#8243;][vc_column_text css=&#8221;&#8221;]Evet. Her Zenir modeli s\u0131n\u0131rl\u0131 say\u0131da \u00fcretilir. Ayn\u0131 renkten tekrar \u00fcretim yap\u0131lmaz.<br data-start=\"591\" data-end=\"594\" \/>Bu, her par\u00e7ay\u0131 benzersiz k\u0131lar.[\/vc_column_text][\/vc_tta_section][vc_tta_section title=&#8221;\u00d6zel sipari\u015f veya ki\u015fiselle\u015ftirme yap\u0131yor musunuz?&#8221; tab_id=&#8221;1522322884722-77aa01b6-d3ecfe1b-0bf9&#8243;][vc_column_text css=&#8221;&#8221;]Se\u00e7ili modeller i\u00e7in \u00f6zel talepleri de\u011ferlendiriyoruz.<br data-start=\"933\" data-end=\"936\" \/>Detaylar i\u00e7in bizimle ileti\u015fime ge\u00e7ebilirsiniz.[\/vc_column_text][\/vc_tta_section][vc_tta_section title=&#8221;Kargo s\u00fcreci nas\u0131l i\u015fliyor?&#8221; tab_id=&#8221;1768510419732-a36545c2-1537&#8243;][vc_column_text css=&#8221;&#8221;]Sipari\u015fleriniz \u00f6zenle paketlenerek g\u00fcvenli \u015fekilde kargoya teslim edilir.<br data-start=\"1101\" data-end=\"1104\" \/>Kargo takip bilgileri taraf\u0131n\u0131za iletilir.[\/vc_column_text][\/vc_tta_section][vc_tta_section title=&#8221;\u0130ade veya de\u011fi\u015fim m\u00fcmk\u00fcn m\u00fc?&#8221; tab_id=&#8221;1768510451931-831b8f97-94e7&#8243;][vc_column_text css=&#8221;&#8221;]El yap\u0131m\u0131 ve s\u0131n\u0131rl\u0131 \u00fcretim \u00fcr\u00fcnler oldu\u011fu i\u00e7in iade ve de\u011fi\u015fim ko\u015fullar\u0131 modele g\u00f6re de\u011fi\u015fiklik g\u00f6sterebilir.<br data-start=\"1302\" data-end=\"1305\" \/>Detayl\u0131 bilgi i\u00e7in ileti\u015fim kanallar\u0131m\u0131zdan bize ula\u015fabilirsiniz.[\/vc_column_text][\/vc_tta_section][vc_tta_section title=&#8221;\u00dcr\u00fcnlerde hangi malzemeler kullan\u0131l\u0131yor?&#8221; tab_id=&#8221;1768510555055-1f12e11e-34e5&#8243;][vc_column_text css=&#8221;&#8221;]Zenir \u00fcr\u00fcnlerinde do\u011fal deri, nubuk ve y\u00fcksek kaliteli aksesuarlar kullan\u0131l\u0131r.<br data-start=\"1572\" data-end=\"1575\" \/>Her par\u00e7a uzun \u00f6m\u00fcrl\u00fc kullan\u0131m g\u00f6zetilerek \u00fcretilir.[\/vc_column_text][\/vc_tta_section][vc_tta_section title=&#8221;\u00dcr\u00fcnler elde mi yap\u0131l\u0131yor?&#8221; tab_id=&#8221;1768510591524-06275b0a-6f1a&#8221;][vc_column_text css=&#8221;&#8221;]Evet. T\u00fcm Zenir \u00fcr\u00fcnleri at\u00f6lyemizde, el i\u015f\u00e7ili\u011fiyle \u00fcretilir.<br data-start=\"1733\" data-end=\"1736\" \/>Her diki\u015f, her detay bilin\u00e7li bir tercihtir.[\/vc_column_text][\/vc_tta_section][vc_tta_section title=&#8221;Zenir \u00fcr\u00fcnleri nerede \u00fcretiliyor?&#8221; tab_id=&#8221;1768510612928-bf30df50-8639&#8243;][vc_column_text css=&#8221;&#8221;]T\u00fcm Zenir koleksiyonlar\u0131 T\u00fcrkiye\u2019de, kendi at\u00f6lyemizde \u00fcretilmektedir.[\/vc_column_text][\/vc_tta_section][vc_tta_section title=&#8221;Zenir neden seri \u00fcretim yapm\u0131yor?&#8221; tab_id=&#8221;1768510643185-472b44bc-d9ec&#8221;][vc_column_text css=&#8221;&#8221;]\u00c7\u00fcnk\u00fc Zenir kalabal\u0131klar i\u00e7in de\u011fil, kendine ait bir tarz\u0131 olanlar i\u00e7in \u00fcretir.[\/vc_column_text][\/vc_tta_section][vc_tta_section title=&#8221;\u0130\u015f birli\u011fi veya bas\u0131n talepleri i\u00e7in nas\u0131l ileti\u015fime ge\u00e7ebilirim?&#8221; tab_id=&#8221;1768510671983-30dfe9d7-0da4&#8243;][vc_column_text css=&#8221;&#8221;]\u0130\u015f birlikleri ve bas\u0131n talepleri i\u00e7in bize e-posta veya Instagram \u00fczerinden ula\u015fabilirsiniz.[\/vc_column_text][\/vc_tta_section][\/vc_tta_accordion][\/vc_column][\/vc_row][vc_row et_full_width=&#8221;true&#8221; et_row_padding=&#8221;true&#8221; css=&#8221;.vc_custom_1588132282993{padding-top: 80px !important;padding-bottom: 80px !important;background-color: #f8f8f8 !important;}&#8221;][vc_column][vc_row_inner content_placement=&#8221;middle&#8221;][vc_column_inner offset=&#8221;vc_col-lg-offset-1 vc_col-lg-6&#8243;][vc_column_text css=&#8221;&#8221; el_class=&#8221;postline-large accent-color fancy-title&#8221;]\u0130leti\u015fim[\/vc_column_text][vc_column_text css=&#8221;&#8221;]\n<h2><span dir=\"auto\" style=\"vertical-align: inherit;\"><span dir=\"auto\" style=\"vertical-align: inherit;\">Hala Sorular\u0131n\u0131z var ise bizimle ileti\u015fime ge\u00e7ebilirsiniz.<\/span><\/span><\/h2>\n[\/vc_column_text][\/vc_column_inner][vc_column_inner offset=&#8221;vc_col-lg-3&#8243;]\t\t<div id=\"et-button-69e1a2a68d42c\" class=\"et_btn_align_center animation bottom-to-top\">\n\t\t\t<a href=\"#\" class=\" et_btn button et_btn_md solid color-  arrow-enabled \"  role=\"button\" title=\"Contact Us\" ><span>\u0130LET\u0130\u015e\u0130M<\/span><svg xmlns=\"http:\/\/www.w3.org\/2000\/svg\" xmlns:xlink=\"http:\/\/www.w3.org\/1999\/xlink\" x=\"0px\" y=\"0px\"\r\n\t width=\"30px\" height=\"18px\" viewBox=\"0 0 30 18\" enable-background=\"new 0 0 30 18\" xml:space=\"preserve\">\r\n<path class=\"handle\" d=\"M20.305,16.212c-0.407,0.409-0.407,1.071,0,1.479s1.068,0.408,1.476,0l7.914-7.952c0.408-0.409,0.408-1.071,0-1.481\r\n\tl-7.914-7.952c-0.407-0.409-1.068-0.409-1.476,0s-0.407,1.071,0,1.48l7.185,7.221L20.305,16.212z\"\/>\r\n<path class=\"bar\" fill-rule=\"evenodd\" clip-rule=\"evenodd\" d=\"M1,8h28.001c0.551,0,1,0.448,1,1c0,0.553-0.449,1-1,1H1c-0.553,0-1-0.447-1-1\r\n\tC0,8.448,0.447,8,1,8z\"\/>\r\n<\/svg>\r\n<\/a>\n\t\t<\/div>\n\t\t\n\t[\/vc_column_inner][\/vc_row_inner][\/vc_column][\/vc_row]\n<\/div>","protected":false},"excerpt":{"rendered":"<p>[vc_row et_full_width=&#8221;true&#8221; et_row_padding=&#8221;true&#8221; parallax=&#8221;content-moving&#8221; css=&#8221;.vc_custom_1768509932833{margin-bottom: 100px !important;padding-top: 170px !important;padding-bottom: 170px !important;background-position: center;background-repeat: no-repeat !important;background-size: cover !important;border-radius: 10px !important;}&#8221;][vc_column et_column_color=&#8221;et-light-column&#8221;][\/vc_column][\/vc_row][vc_row css=&#8221;.vc_custom_1768509485999{padding-bottom: 80px !important;border-radius: 2px !important;}&#8221;][vc_column offset=&#8221;vc_col-lg-offset-1 vc_col-lg-3&#8243;][vc_column_text css=&#8221;&#8221;] S\u0131k\u00e7a Sorulan Sorular [\/vc_column_text][vc_empty_space][\/vc_column][vc_column offset=&#8221;vc_col-lg-6&#8243;][vc_tta_accordion active_section=&#8221;1&#8243; style=&#8221;style2&#8243;][vc_tta_section title=&#8221;Zenir Atelier\u2019in fiziksel bir ma\u011fazas\u0131 var m\u0131?&#8221; tab_id=&#8221;1522322738673-aea3abb5-b800fe1b-0bf9&#8243;][vc_column_text css=&#8221;&#8221;]Hay\u0131r. Zenir, koleksiyonlar\u0131n\u0131 do\u011frudan at\u00f6lyesinden sunar. Fiziksel ma\u011faza [&hellip;]<\/p>\n","protected":false},"author":1,"featured_media":0,"parent":0,"menu_order":0,"comment_status":"closed","ping_status":"closed","template":"","meta":{"footnotes":""},"class_list":["post-57","page","type-page","status-publish","hentry"],"jetpack_sharing_enabled":true,"_links":{"self":[{"href":"https:\/\/zeniratelier.com\/index.php?rest_route=\/wp\/v2\/pages\/57","targetHints":{"allow":["GET"]}}],"collection":[{"href":"https:\/\/zeniratelier.com\/index.php?rest_route=\/wp\/v2\/pages"}],"about":[{"href":"https:\/\/zeniratelier.com\/index.php?rest_route=\/wp\/v2\/types\/page"}],"author":[{"embeddable":true,"href":"https:\/\/zeniratelier.com\/index.php?rest_route=\/wp\/v2\/users\/1"}],"replies":[{"embeddable":true,"href":"https:\/\/zeniratelier.com\/index.php?rest_route=%2Fwp%2Fv2%2Fcomments&post=57"}],"version-history":[{"count":11,"href":"https:\/\/zeniratelier.com\/index.php?rest_route=\/wp\/v2\/pages\/57\/revisions"}],"predecessor-version":[{"id":4121,"href":"https:\/\/zeniratelier.com\/index.php?rest_route=\/wp\/v2\/pages\/57\/revisions\/4121"}],"wp:attachment":[{"href":"https:\/\/zeniratelier.com\/index.php?rest_route=%2Fwp%2Fv2%2Fmedia&parent=57"}],"curies":[{"name":"wp","href":"https:\/\/api.w.org\/{rel}","templated":true}]}}