{"id":4268,"date":"2026-04-15T19:12:54","date_gmt":"2026-04-15T19:12:54","guid":{"rendered":"https:\/\/zeniratelier.com\/?post_type=product&#038;p=4268"},"modified":"2026-04-15T19:12:55","modified_gmt":"2026-04-15T19:12:55","slug":"hero","status":"publish","type":"product","link":"https:\/\/zeniratelier.com\/?product=hero","title":{"rendered":"Hero"},"content":{"rendered":"<p>%100 dana derisiden \u00fcretilen \u00a0Hero, d\u0131\u015f\u0131 italyan bask\u0131 deri olup i\u00e7 astar\u0131 ile kullan\u0131m rahatl\u0131\u011f\u0131 sa\u011flamaktad\u0131r.<\/p>\n<p>\u00dcr\u00fcnlerimizin tamam\u0131 el yap\u0131m\u0131 olup her bir dokunu\u015funda zarafeti ta\u015f\u0131man\u0131z tasarlanm\u0131\u015ft\u0131r.<\/p>\n","protected":false},"excerpt":{"rendered":"<p>%100 dana derisiden \u00fcretilen \u00a0Hero, d\u0131\u015f\u0131 italyan bask\u0131 deri olup i\u00e7 astar\u0131 ile kullan\u0131m rahatl\u0131\u011f\u0131 sa\u011flamaktad\u0131r. \u00dcr\u00fcnlerimizin tamam\u0131 el yap\u0131m\u0131 olup her bir dokunu\u015funda zarafeti ta\u015f\u0131man\u0131z tasarlanm\u0131\u015ft\u0131r.<\/p>\n","protected":false},"featured_media":4270,"comment_status":"open","ping_status":"closed","template":"","meta":[],"product_brand":[],"product_cat":[37],"product_tag":[75,70,69,73,51],"class_list":{"0":"post-4268","1":"product","2":"type-product","3":"status-publish","4":"has-post-thumbnail","6":"product_cat-erkek","7":"product_tag-cuzdan","8":"product_tag-deri","9":"product_tag-leather","10":"product_tag-luxury","11":"product_tag-wallet","13":"first","14":"instock","15":"shipping-taxable","16":"purchasable","17":"product-type-simple"},"jetpack_sharing_enabled":true,"_links":{"self":[{"href":"https:\/\/zeniratelier.com\/index.php?rest_route=\/wp\/v2\/product\/4268","targetHints":{"allow":["GET"]}}],"collection":[{"href":"https:\/\/zeniratelier.com\/index.php?rest_route=\/wp\/v2\/product"}],"about":[{"href":"https:\/\/zeniratelier.com\/index.php?rest_route=\/wp\/v2\/types\/product"}],"replies":[{"embeddable":true,"href":"https:\/\/zeniratelier.com\/index.php?rest_route=%2Fwp%2Fv2%2Fcomments&post=4268"}],"wp:featuredmedia":[{"embeddable":true,"href":"https:\/\/zeniratelier.com\/index.php?rest_route=\/wp\/v2\/media\/4270"}],"wp:attachment":[{"href":"https:\/\/zeniratelier.com\/index.php?rest_route=%2Fwp%2Fv2%2Fmedia&parent=4268"}],"wp:term":[{"taxonomy":"product_brand","embeddable":true,"href":"https:\/\/zeniratelier.com\/index.php?rest_route=%2Fwp%2Fv2%2Fproduct_brand&post=4268"},{"taxonomy":"product_cat","embeddable":true,"href":"https:\/\/zeniratelier.com\/index.php?rest_route=%2Fwp%2Fv2%2Fproduct_cat&post=4268"},{"taxonomy":"product_tag","embeddable":true,"href":"https:\/\/zeniratelier.com\/index.php?rest_route=%2Fwp%2Fv2%2Fproduct_tag&post=4268"}],"curies":[{"name":"wp","href":"https:\/\/api.w.org\/{rel}","templated":true}]}}